et b(r) = -r**2 - 15*r + 16. Let m be b(-16). Suppose m = 7*w - 3*w - 92. List the prime factors of w.
23
Let o(k) = k + 15. Let u be o(-12). Suppose u*z - 4*a = 2*z + 89, -z = -5*a - 86. What are the prime factors of z?
101
Let d(g) = -g**3 - 13*g**2 - 15*g + 3. Suppose 3*m + 9 = 3*u, -4*m = -5*u + 10 + 9. Let h = u - 19. List the prime factors of d(h).
3, 13
Let a = -31 + 21. Let r = a + 12. Suppose -4 = r*z - 16. What are the prime factors of z?
2, 3
Suppose 0 = 2*d + d. Suppose -16*q + 3*q + 26 = 0. Let v = d + q. What are the prime factors of v?
2
Suppose 0 = 9*d - 8*d + u - 313, 5*d - u - 1535 = 0. Suppose -55*r - d = -57*r. List the prime factors of r.
2, 7, 11
Let a(n) = 39*n - 9. Let s be 3/7 - (-276)/42. List the prime factors of a(s).
2, 3, 11
Suppose 0 = -9*f - 6*f + 4995. Suppose q + n = 235, 3*q = 2*n + 362 + f. What are the prime factors of q?
233
Suppose 0 = 7*w - 9*w + 282. Let p = 226 - w. What are the prime factors of p?
5, 17
Suppose -8*h + 4*h + 2156 = 4*o, -2*o + 5*h + 1106 = 0. List the prime factors of o.
3, 181
Let x be (1 + -438)*(9 + -10). List the prime factors of (x/95)/(2/10).
23
Let b(p) = 2*p**3 + 91*p**2 + 29*p + 12. List the prime factors of b(-45).
2, 3, 61
Suppose 5*d + 1 + 4 = 0. Let w be (8/(-24))/(d/273). What are the prime factors of (-4)/(-26) - (-1260)/w?
2, 7
Suppose 0*g = 3*n + 3*g - 1494, -2*n = -5*g - 1031. Suppose 3*q + 0*m - 291 = -3*m, 5*q - n = 4*m. List the prime factors of q.
3, 11
Suppose 6*g - 1811 - 1471 = 0. Suppose 965 = 7*v - g. What are the prime factors of v?
2, 3
Let t be 3/((1 - 5)/(-20)). Suppose 14*a = t*a - 10. What are the prime factors of a?
2, 5
Let i be 4 + -1 + 24/(-4). Let b be 4/(340/(-116) - i). Suppose 0 = -2*g + 38 + b. What are the prime factors of g?
2, 3
List the prime factors of -1 + -15*(-5 + 8/(-6)).
2, 47
Suppose -5*l - 5*p = -260, 4*l + 2*p - 218 = 3*p. Let x = -26 + l. List the prime factors of x.
2, 7
Let j(p) = 16*p**2 - 13*p - 113. What are the prime factors of j(-9)?
2, 5, 13
Suppose -j = -5*d + 291, -7*d + 2*d = -5*j - 1495. What are the prime factors of (4 + j/(-14))/(1/6)?
3, 17
Let q = 2233 + -54. What are the prime factors of q?
2179
Let r = 3149 - -1171. What are the prime factors of r?
2, 3, 5
Let a be -1 + (1 - -1) + 1. Suppose -k + 1 = -a. Suppose -4*o + k*o + 4 = 0. What are the prime factors of o?
2
Let m(c) = 2*c + 16. Let y be m(-7). Suppose 0*i + i - 3*v - 78 = 0, -y*i - 2*v + 116 = 0. What are the prime factors of i?
3, 7
Let c(u) = -u + 10. Let h be c(7). Suppose -k = -z - 3, -h*k - z + 8 + 9 = 0. List the prime factors of k.
5
Let u(g) = -g**2 + 3*g - 8. Let k be u(3). Let d(a) = -7*a + 36. What are the prime factors of d(k)?
2, 23
Let s(f) = -f**3 + 8*f**2 + 6*f. Let p be s(8). Let q be p/10*45/6. Suppose 3*r - 4*l - 25 - 52 = 0, -5*l + q = 2*r. List the prime factors of r.
23
Suppose 22*w + 19400 = 72*w. What are the prime factors of w?
2, 97
Let k(h) = 4 + 3*h**2 - h**2 - 8 + h. Suppose -21*y = -19*y - 4. List the prime factors of k(y).
2, 3
Suppose 0*k - 48 = -8*k. Suppose -18*i + k = -15*i. What are the prime factors of i?
2
Let x(z) = -5*z + 4*z**2 - 2*z + 2*z + 2 + z**3. Let s be x(-5). Let p = s - -7. List the prime factors of p.
3
Suppose i = q - 176 + 956, -q + 3145 = 4*i. List the prime factors of i.
5, 157
List the prime factors of (-14)/(-49) - (-225864)/42.
2, 2689
Let r = 25 - 18. Let z be -4 - ((-3)/24 + 33/8). Let v = r - z. What are the prime factors of v?
3, 5
Suppose -11*o + 14*o = 693. List the prime factors of o.
3, 7, 11
Let t(s) = 82*s**2 - 22*s - 14. List the prime factors of t(8).
2, 3, 281
What are the prime factors of (-7514404)/(-2220) + (-2)/(-15)?
5, 677
Let v(w) = -7 - 2 - 9 - 37*w + 16. List the prime factors of v(-1).
5, 7
Let u(m) = -m**3 - 2*m**2 - m. Let n be u(-1). Suppose -3*o - 3*p = -18, 5*p = -n*o + o - 24. Let i = o - -9. List the prime factors of i.
2, 3
Suppose -65*s = -67*s. Suppose 42*m - 41*m - 44 = s. What are the prime factors of m?
2, 11
Let h be (0/(-1 - (-4)/2))/3. Suppose -3*n + 483 - 108 = h. List the prime factors of n.
5
Let w = -48 - -43. What are the prime factors of 1/(-5) - 431/w?
2, 43
Let x = 36 - 16. Let p = x + -16. What are the prime factors of (p + (4 - 5))*9?
3
Let u = -33 + 73. Let a = 142 + u. List the prime factors of a.
2, 7, 13
Let k be (3 - 4)*-1 + -7. Let q be (-33)/2*(-10 - k). List the prime factors of q*(-3)/(-6) - 0.
3, 11
Suppose 4*f + 18*f - 10274 = 0. List the prime factors of f.
467
Suppose -5 = -2*p + 39. Suppose 0 = 5*v - p + 7. List the prime factors of -40*(v/15 - 1).
2
Suppose -10*b - 839 - 1 = 0. Let u = 132 + b. What are the prime factors of u?
2, 3
Let i = 1991 - -293. What are the prime factors of i?
2, 571
Let u(t) = -4*t - 15. Suppose 66*r = 59*r - 98. What are the prime factors of u(r)?
41
Let c(u) = 2*u - 9. Let k(m) = -m + 1. Let w(g) = -c(g) - 3*k(g). What are the prime factors of w(10)?
2
Let d(f) = 34*f**2 - 20*f - 16. What are the prime factors of d(-7)?
2, 5, 179
Suppose -64831 + 19067 = -17*s. List the prime factors of s.
2, 673
Let j = 5345 - 2355. What are the prime factors of j?
2, 5, 13, 23
Let x(h) = 306*h - 21. What are the prime factors of x(3)?
3, 13, 23
List the prime factors of (15/(-2))/(-3)*(535 + -43).
2, 3, 5, 41
Let q(n) = 4*n + 3. Let h be 8/5 + 12/30. Suppose -h*u = 4*x - 30, -2*x + 0*u + 25 = 3*u. List the prime factors of q(x).
23
Let p = -380 - -174. Let w = 300 + p. List the prime factors of w.
2, 47
Let a(p) = -54*p**3 + 5*p**2 + 5*p - 3. What are the prime factors of a(-2)?
439
Suppose 5*g - 60 = -0*g. Let n = 3 - g. What are the prime factors of (n/(-3))/(-1)*-8?
2, 3
Let u(g) = 3*g - 4. Let q be u(7). Suppose q = -m + 22. Suppose 3 = 4*d + l - 7, 0 = 2*d + m*l + 4. What are the prime factors of d?
3
Let i(y) = 3*y - 5. Let j(c) = c**2 - 2*c. Let t be j(3). Let l be (2 + (-4)/6)*t. What are the prime factors of i(l)?
7
Suppose -b + 864 = 3*b + 4*k, -5*k + 860 = 4*b. Suppose 7*g = 662 + b. List the prime factors of g.
2, 3, 7
Let i = 12 - 5. Suppose 69 = i*j - 6*j. Suppose -k - 4 = -1, -5*k = -3*r + j. What are the prime factors of r?
2, 3
Let n(q) = -q**3 + q**2 - 4*q + 3. Let p be n(2). Let c = 9 + p. Suppose -2*x + 14 + 34 = c. List the prime factors of x.
2, 3
Let u(y) = -203*y - 179. What are the prime factors of u(-6)?
1039
Suppose 4*a = 9*a - 20. Suppose 150 = a*k + 2*s, s + 3*s - 110 = -3*k. List the prime factors of k.
2, 19
Let y(h) be the third derivative of h**5/60 + 5*h**4/24 + 5*h**3/6 - 3*h**2. List the prime factors of y(-10).
5, 11
Suppose 0 = 3*v - 124 + 394. Let m = v - -134. What are the prime factors of m?
2, 11
Let r = -391 - -233. Let s = -109 - r. List the prime factors of s.
7
Let k(o) = -98*o + 44. List the prime factors of k(-3).
2, 13
Let z(i) = i**2 + 4*i - 2. Let l be z(-5). Suppose 0 = -l*n - 24 - 27. Let d = n - -27. What are the prime factors of d?
2, 5
Let a be ((-130)/(-6))/((-6)/(-36) - 0). Suppose -62 - 3 = -l + 4*d, 0 = -2*l - 3*d + a. What are the prime factors of l?
5, 13
Let l(k) = k + 78. Let n(w) = -2*w**2 + 6*w + 8. Let x be n(4). What are the prime factors of l(x)?
2, 3, 13
Let t(m) = m - 1. Let x be t(13). Let b = x + -19. Let z = -5 - b. What are the prime factors of z?
2
Let k be -4*(-11)/((-11)/(-6)). Suppose 0 = r - 52 - k. What are the prime factors of r?
2, 19
Let j(y) be the third derivative of y**5/60 - 7*y**4/12 - 3*y**3/2 - 3*y**2. Let m be j(14). Let b = 18 + m. List the prime factors of b.
3
Suppose 0*w + 7 = -w + 3*c, 0 = -2*c + 10. What are the prime factors of ((-82)/w - (1 - -1))*-4?
7
Let u be ((-3)/2)/(3/8). Let i be (3 - 9)*(3 + u). Let k = i + 27. List the prime factors of k.
3, 11
List the prime factors of -4 + -1 - 5/(20/(-924)).
2, 113
Suppose -15*i - 3*i = -55440. What are the prime factors of i?
2, 5, 7, 11
Suppose -5*w - 7*j + 590 = -2*j, -3*w + 354 = -4*j. Let b = -108 + w. List the prime factors of b.
2, 5
Suppose 3*v - 12 = -6. Suppose 0 = 3*q + 3*z + 186, q + 28 = -v*z - 29. Let f = q + 125. List the prime factors of f.
2, 29
Let t(f) be the first derivative of -2*f**4 - 5*f**3/3 - 2*f**2 - 3. What are the prime factors of t(-3)?
3, 61
Let u(x) = x**2 - 11*x - 18. Let c be ((-6)/5)/(2/(-5)). Let d be (c + (-20)/5)*-15. List the prime fac